[INFO] cloning repository https://github.com/PegasisForever/sand_simulation
[INFO] running `Command { std: "git" "-c" "credential.helper=" "-c" "credential.helper=/workspace/cargo-home/bin/git-credential-null" "clone" "--bare" "https://github.com/PegasisForever/sand_simulation" "/workspace/cache/git-repos/https%3A%2F%2Fgithub.com%2FPegasisForever%2Fsand_simulation", kill_on_drop: false }`
[INFO] [stderr] Cloning into bare repository '/workspace/cache/git-repos/https%3A%2F%2Fgithub.com%2FPegasisForever%2Fsand_simulation'...
[INFO] running `Command { std: "git" "rev-parse" "HEAD", kill_on_drop: false }`
[INFO] [stdout] 6047e1c72ff99e46dd884e7bc69897135aeb0241
[INFO] checking PegasisForever/sand_simulation against master#e6e4f7ed1589e03bc2f6c5931c1a72e7947e8682 for beta-170-4
[INFO] running `Command { std: "git" "clone" "/workspace/cache/git-repos/https%3A%2F%2Fgithub.com%2FPegasisForever%2Fsand_simulation" "/workspace/builds/worker-5-tc2/source", kill_on_drop: false }`
[INFO] [stderr] Cloning into '/workspace/builds/worker-5-tc2/source'...
[INFO] [stderr] done.
[INFO] validating manifest of git repo https://github.com/PegasisForever/sand_simulation on toolchain e6e4f7ed1589e03bc2f6c5931c1a72e7947e8682
[INFO] running `Command { std: CARGO_HOME="/workspace/cargo-home" RUSTUP_HOME="/workspace/rustup-home" "/workspace/cargo-home/bin/cargo" "+e6e4f7ed1589e03bc2f6c5931c1a72e7947e8682" "metadata" "--manifest-path" "Cargo.toml" "--no-deps", kill_on_drop: false }`
[INFO] started tweaking git repo https://github.com/PegasisForever/sand_simulation
[INFO] finished tweaking git repo https://github.com/PegasisForever/sand_simulation
[INFO] tweaked toml for git repo https://github.com/PegasisForever/sand_simulation written to /workspace/builds/worker-5-tc2/source/Cargo.toml
[INFO] crate git repo https://github.com/PegasisForever/sand_simulation already has a lockfile, it will not be regenerated
[INFO] running `Command { std: CARGO_HOME="/workspace/cargo-home" RUSTUP_HOME="/workspace/rustup-home" "/workspace/cargo-home/bin/cargo" "+e6e4f7ed1589e03bc2f6c5931c1a72e7947e8682" "fetch" "--manifest-path" "Cargo.toml", kill_on_drop: false }`
[INFO] running `Command { std: "docker" "create" "-v" "/var/lib/crater-agent-workspace/builds/worker-5-tc2/target:/opt/rustwide/target:rw,Z" "-v" "/var/lib/crater-agent-workspace/builds/worker-5-tc2/source:/opt/rustwide/workdir:ro,Z" "-v" "/var/lib/crater-agent-workspace/cargo-home:/opt/rustwide/cargo-home:ro,Z" "-v" "/var/lib/crater-agent-workspace/rustup-home:/opt/rustwide/rustup-home:ro,Z" "-e" "SOURCE_DIR=/opt/rustwide/workdir" "-e" "CARGO_TARGET_DIR=/opt/rustwide/target" "-e" "CARGO_HOME=/opt/rustwide/cargo-home" "-e" "RUSTUP_HOME=/opt/rustwide/rustup-home" "-w" "/opt/rustwide/workdir" "-m" "1610612736" "--user" "0:0" "--network" "none" "ghcr.io/rust-lang/crates-build-env/linux@sha256:19e73879b68f455e41552ea35293514db52ea292d993f571636dbffedb77a1ee" "/opt/rustwide/cargo-home/bin/cargo" "+e6e4f7ed1589e03bc2f6c5931c1a72e7947e8682" "metadata" "--no-deps" "--format-version=1", kill_on_drop: false }`
[INFO] [stdout] edc9f169c3f883330ff08891c1825bdf89f20508693b42982c7f232128bba95d
[INFO] running `Command { std: "docker" "start" "-a" "edc9f169c3f883330ff08891c1825bdf89f20508693b42982c7f232128bba95d", kill_on_drop: false }`
[INFO] running `Command { std: "docker" "inspect" "edc9f169c3f883330ff08891c1825bdf89f20508693b42982c7f232128bba95d", kill_on_drop: false }`
[INFO] running `Command { std: "docker" "rm" "-f" "edc9f169c3f883330ff08891c1825bdf89f20508693b42982c7f232128bba95d", kill_on_drop: false }`
[INFO] [stdout] edc9f169c3f883330ff08891c1825bdf89f20508693b42982c7f232128bba95d
[INFO] running `Command { std: "docker" "create" "-v" "/var/lib/crater-agent-workspace/builds/worker-5-tc2/target:/opt/rustwide/target:rw,Z" "-v" "/var/lib/crater-agent-workspace/builds/worker-5-tc2/source:/opt/rustwide/workdir:ro,Z" "-v" "/var/lib/crater-agent-workspace/cargo-home:/opt/rustwide/cargo-home:ro,Z" "-v" "/var/lib/crater-agent-workspace/rustup-home:/opt/rustwide/rustup-home:ro,Z" "-e" "SOURCE_DIR=/opt/rustwide/workdir" "-e" "CARGO_TARGET_DIR=/opt/rustwide/target" "-e" "CARGO_INCREMENTAL=0" "-e" "RUST_BACKTRACE=full" "-e" "RUSTFLAGS=--cap-lints=forbid" "-e" "RUSTDOCFLAGS=--cap-lints=forbid" "-e" "CARGO_HOME=/opt/rustwide/cargo-home" "-e" "RUSTUP_HOME=/opt/rustwide/rustup-home" "-w" "/opt/rustwide/workdir" "-m" "1610612736" "--user" "0:0" "--network" "none" "ghcr.io/rust-lang/crates-build-env/linux@sha256:19e73879b68f455e41552ea35293514db52ea292d993f571636dbffedb77a1ee" "/opt/rustwide/cargo-home/bin/cargo" "+e6e4f7ed1589e03bc2f6c5931c1a72e7947e8682" "check" "--frozen" "--all" "--all-targets" "--message-format=json", kill_on_drop: false }`
[INFO] [stdout] 204ef30ba3c236993ebb82735e693bc73975a2b1e049c8a4fcd77609589ec969
[INFO] running `Command { std: "docker" "start" "-a" "204ef30ba3c236993ebb82735e693bc73975a2b1e049c8a4fcd77609589ec969", kill_on_drop: false }`
[INFO] [stderr]    Compiling num-traits v0.2.14
[INFO] [stderr]    Compiling libc v0.2.80
[INFO] [stderr]    Compiling num-integer v0.1.44
[INFO] [stderr]    Compiling sapp-linux v0.1.9
[INFO] [stderr]    Compiling num-rational v0.2.4
[INFO] [stderr]     Checking deflate v0.7.20
[INFO] [stderr]     Checking inflate v0.4.5
[INFO] [stderr]    Compiling hashbrown v0.8.2
[INFO] [stderr]    Compiling glam v0.9.5
[INFO] [stderr]     Checking ahash v0.3.8
[INFO] [stderr]     Checking ttf-parser v0.8.2
[INFO] [stderr]     Checking png v0.15.3
[INFO] [stderr]     Checking quad-rand v0.1.1
[INFO] [stderr]    Compiling macroquad_macro v0.1.1
[INFO] [stderr]     Checking num_cpus v1.13.0
[INFO] [stderr]     Checking threadpool v1.8.1
[INFO] [stderr]     Checking fontdue v0.3.2
[INFO] [stderr]     Checking num-iter v0.1.42
[INFO] [stderr]     Checking image v0.22.5
[INFO] [stderr]     Checking miniquad v0.3.0-alpha.22
[INFO] [stderr]     Checking quad-gl v0.2.10
[INFO] [stderr]     Checking macroquad v0.3.0-alpha.9
[INFO] [stderr]     Checking sand_simulation v0.1.0 (/opt/rustwide/workdir)
[INFO] [stdout] error[E0603]: function `get_context` is private
[INFO] [stdout]    --> src/main.rs:5:16
[INFO] [stdout]     |
[INFO] [stdout] 5   | use macroquad::get_context;
[INFO] [stdout]     |                ^^^^^^^^^^^ private function
[INFO] [stdout]     |
[INFO] [stdout] note: the function `get_context` is defined here
[INFO] [stdout]    --> /opt/rustwide/cargo-home/registry/src/index.crates.io-6f17d22bba15001f/macroquad-0.3.0-alpha.9/src/lib.rs:180:1
[INFO] [stdout]     |
[INFO] [stdout] 180 | fn get_context() -> &'static mut Context {
[INFO] [stdout]     | ^^^^^^^^^^^^^^^^^^^^^^^^^^^^^^^^^^^^^^^^
[INFO] [stdout] 
[INFO] [stdout] 
[INFO] [stdout] error[E0603]: function `get_context` is private
[INFO] [stdout]    --> src/main.rs:5:16
[INFO] [stdout]     |
[INFO] [stdout] 5   | use macroquad::get_context;
[INFO] [stdout]     |                ^^^^^^^^^^^ private function
[INFO] [stdout]     |
[INFO] [stdout] note: the function `get_context` is defined here
[INFO] [stdout]    --> /opt/rustwide/cargo-home/registry/src/index.crates.io-6f17d22bba15001f/macroquad-0.3.0-alpha.9/src/lib.rs:180:1
[INFO] [stdout]     |
[INFO] [stdout] 180 | fn get_context() -> &'static mut Context {
[INFO] [stdout]     | ^^^^^^^^^^^^^^^^^^^^^^^^^^^^^^^^^^^^^^^^
[INFO] [stdout] 
[INFO] [stdout] 
[INFO] [stdout] error[E0616]: field `pos` of struct `macroquad::prelude::Vertex` is private
[INFO] [stdout]   --> src/sand.rs:43:20
[INFO] [stdout]    |
[INFO] [stdout] 43 |             vertex.pos[0] += x_diff;
[INFO] [stdout]    |                    ^^^ private field
[INFO] [stdout] 
[INFO] [stdout] 
[INFO] [stdout] error[E0616]: field `pos` of struct `macroquad::prelude::Vertex` is private
[INFO] [stdout]   --> src/sand.rs:43:20
[INFO] [stdout]    |
[INFO] [stdout] 43 |             vertex.pos[0] += x_diff;
[INFO] [stdout]    |                    ^^^ private field
[INFO] [stdout] 
[INFO] [stdout] 
[INFO] [stdout] error[E0616]: field `pos` of struct `macroquad::prelude::Vertex` is private
[INFO] [stdout]   --> src/sand.rs:44:20
[INFO] [stdout]    |
[INFO] [stdout] 44 |             vertex.pos[1] += y_diff;
[INFO] [stdout]    |                    ^^^ private field
[INFO] [stdout] 
[INFO] [stdout] 
[INFO] [stdout] error[E0616]: field `pos` of struct `macroquad::prelude::Vertex` is private
[INFO] [stdout]   --> src/sand.rs:44:20
[INFO] [stdout]    |
[INFO] [stdout] 44 |             vertex.pos[1] += y_diff;
[INFO] [stdout]    |                    ^^^ private field
[INFO] [stdout] 
[INFO] [stdout] 
[INFO] [stdout] error: aborting due to 3 previous errors
[INFO] [stdout] 
[INFO] [stdout] 
[INFO] [stdout] Some errors have detailed explanations: E0603, E0616.
[INFO] [stdout] 
[INFO] [stdout] For more information about an error, try `rustc --explain E0603`.
[INFO] [stdout] 
[INFO] [stderr] error: could not compile `sand_simulation` (bin "sand_simulation" test) due to 4 previous errors
[INFO] [stderr] warning: build failed, waiting for other jobs to finish...
[INFO] [stdout] error: aborting due to 3 previous errors
[INFO] [stdout] 
[INFO] [stdout] 
[INFO] [stdout] Some errors have detailed explanations: E0603, E0616.
[INFO] [stdout] 
[INFO] [stdout] For more information about an error, try `rustc --explain E0603`.
[INFO] [stdout] 
[INFO] [stderr] error: could not compile `sand_simulation` (bin "sand_simulation") due to 4 previous errors
[INFO] running `Command { std: "docker" "inspect" "204ef30ba3c236993ebb82735e693bc73975a2b1e049c8a4fcd77609589ec969", kill_on_drop: false }`
[INFO] running `Command { std: "docker" "rm" "-f" "204ef30ba3c236993ebb82735e693bc73975a2b1e049c8a4fcd77609589ec969", kill_on_drop: false }`
[INFO] [stdout] 204ef30ba3c236993ebb82735e693bc73975a2b1e049c8a4fcd77609589ec969
